380.
2, 3, 5, 23
What are the prime factors of 3353?
7, 479
List the prime factors of 50944.
2, 199
What are the prime factors of 996?
2, 3, 83
List the prime factors of 1481.
1481
List the prime factors of 38541.
3, 29, 443
What are the prime factors of 5705?
5, 7, 163
What are the prime factors of 18658?
2, 19, 491
What are the prime factors of 6570?
2, 3, 5, 73
List the prime factors of 917.
7, 131
List the prime factors of 96.
2, 3
List the prime factors of 11758.
2, 5879
What are the prime factors of 17207?
17207
List the prime factors of 1325.
5, 53
List the prime factors of 63428.
2, 101, 157
List the prime factors of 10098.
2, 3, 11, 17
List the prime factors of 11047.
11047
List the prime factors of 61812.
2, 3, 17, 101
List the prime factors of 1216.
2, 19
What are the prime factors of 1635?
3, 5, 109
List the prime factors of 2997.
3, 37
List the prime factors of 610.
2, 5, 61
List the prime factors of 836.
2, 11, 19
List the prime factors of 18391.
53, 347
List the prime factors of 23452.
2, 11, 13, 41
What are the prime factors of 96398?
2, 157, 307
List the prime factors of 916.
2, 229
List the prime factors of 55750.
2, 5, 223
List the prime factors of 1181.
1181
What are the prime factors of 27904?
2, 109
What are the prime factors of 2177?
7, 311
List the prime factors of 885.
3, 5, 59
List the prime factors of 3017.
7, 431
List the prime factors of 2087.
2087
List the prime factors of 1662.
2, 3, 277
List the prime factors of 4722.
2, 3, 787
What are the prime factors of 9829?
9829
What are the prime factors of 58045?
5, 13, 19, 47
List the prime factors of 6719.
6719
List the prime factors of 1940.
2, 5, 97
List the prime factors of 56842.
2, 97, 293
List the prime factors of 17833.
17, 1049
What are the prime factors of 5423?
11, 17, 29
What are the prime factors of 4387?
41, 107
What are the prime factors of 204?
2, 3, 17
What are the prime factors of 1844?
2, 461
List the prime factors of 2104.
2, 263
What are the prime factors of 28305?
3, 5, 17, 37
List the prime factors of 4499.
11, 409
List the prime factors of 83568.
2, 3, 1741
What are the prime factors of 4181?
37, 113
What are the prime factors of 254?
2, 127
List the prime factors of 654.
2, 3, 109
List the prime factors of 359.
359
List the prime factors of 1704.
2, 3, 71
What are the prime factors of 34583?
34583
List the prime factors of 1756.
2, 439
List the prime factors of 43008.
2, 3, 7
List the prime factors of 11.
11
What are the prime factors of 1269?
3, 47
List the prime factors of 9145.
5, 31, 59
What are the prime factors of 55206?
2, 3, 3067
What are the prime factors of 10884?
2, 3, 907
What are the prime factors of 5136?
2, 3, 107
What are the prime factors of 348?
2, 3, 29
What are the prime factors of 6781?
6781
List the prime factors of 39430.
2, 5, 3943
What are the prime factors of 54425?
5, 7, 311
What are the prime factors of 10012?
2, 2503
List the prime factors of 19269.
3, 2141
List the prime factors of 57664.
2, 17, 53
List the prime factors of 4102.
2, 7, 293
What are the prime factors of 38836?
2, 7, 19, 73
List the prime factors of 1440.
2, 3, 5
List the prime factors of 939.
3, 313
List the prime factors of 92950.
2, 5, 11, 13
List the prime factors of 580.
2, 5, 29
List the prime factors of 23927.
71, 337
What are the prime factors of 2142?
2, 3, 7, 17
List the prime factors of 116486.
2, 58243
What are the prime factors of 993?
3, 331
What are the prime factors of 1332?
2, 3, 37
List the prime factors of 107920.
2, 5, 19, 71
What are the prime factors of 8213?
43, 191
What are the prime factors of 53209?
13, 4093
What are the prime factors of 1407?
3, 7, 67
What are the prime factors of 141502?
2, 139, 509
List the prime factors of 130080.
2, 3, 5, 271
List the prime factors of 2415.
3, 5, 7, 23
List the prime factors of 1789.
1789
What are the prime factors of 1089?
3, 11
List the prime factors of 1610.
2, 5, 7, 23
What are the prime factors of 157606?
2, 78803
What are the prime factors of 53419?
53419
List the prime factors of 836.
2, 11, 19
List the prime factors of 72669.
3, 24223
What are the prime factors of 833?
7, 17
List the prime factors of 2081.
2081
List the prime factors of 4563.
3, 13
List the prime factors of 30783.
3, 31, 331
What are the prime factors of 40673?
89, 457
What are the prime factors of 77016?
2, 3, 3209
What are the prime factors of 904?
2, 113
List the prime factors of 1456.
2, 7, 13
What are the prime factors of 964?
2, 241
List the prime factors of 903.
3, 7, 43
What are the prime factors of 1257?
3, 419
What are the prime factors of 51136?
2, 17, 47
List the prime factors of 3220.
2, 5, 7, 23
List the prime factors of 135680.
2, 5, 53
What are the prime factors of 10995?
3, 5, 733
List the prime factors of 11529.
3, 7, 61
What are the prime factors of 26402?
2, 43, 307
What are the prime factors of 40494?
2, 3, 17, 397
What are the prime factors of 36062?
2, 13, 19, 73
List the prime factors of 2330.
2, 5, 233
List the prime factors of 45974.
2, 127, 181
List the prime factors of 4591.
4591
List the prime factors of 2104.
2, 263
What are the prime factors of 641?
641
What are the prime factors of 11299?
11299
What are the prime factors of 376?
2, 47
List the prime factors of 1360.
2, 5, 17
What are the prime factors of 6055?
5, 7, 173
What are the prime factors of 10518?
2, 3, 1753
List the prime factors of 91.
7, 13
List the prime factors of 221.
13, 17
What are the prime factors of 5501?
5501
List the prime factors of 2040.
2, 3, 5, 17
List the prime factors of 1299.
3, 433
What are the prime factors of 860?
2, 5, 43
What are the prime factors of 730?
2, 5, 73
What are the prime factors of 53083?
109, 487
What are the prime factors of 1750?
2, 5, 7
What are the prime factors of 41724?
2, 3, 19, 61
List the prime factors of 2973.
3, 991
List the prime factors of 3073.
7, 439
What are the prime factors of 8341?
19, 439
List the prime factors of 4816.
2, 7, 43
List the prime factors of 4804.
2, 1201
List the prime factors of 1090.
2, 5, 109
List the prime factors of 1449.
3, 7, 23
List the prime factors of 50935.
5, 61, 167
List the prime factors of 3823.
3823
List the prime factors of 105632.
2, 3301
List the prime factors of 390.
2, 3, 5, 13
List the prime factors of 814.
2, 11, 37
What are the prime factors of 2303?
7, 47
List the prime factors of 42004.
2, 10501
List the prime factors of 948.
2, 3, 79
List the prime factors of 120447.
3, 1487
What are the prime factors of 2232?
2, 3, 31
What are the prime factors of 4363?
4363
List the prime factors of 40449.
3, 97, 139
List the prime factors of 1074.
2, 3, 179
List the prime factors of 87808.
2, 7
List the prime factors of 71077.
17, 37, 113
What are the prime factors of 2514?
2, 3, 419
List the prime factors of 30292.
2, 7573
List the prime factors of 466.
2, 233
What are the prime factors of 1432?
2, 179
List the prime factors of 5651.
5651
List the prime factors of 32136.
2, 3, 13, 103
List the prime factors of 18510.
2, 3, 5, 617
What are the prime factors of 27516?
2, 3, 2293
List the prime factors of 2063.
2063
What are the prime factors of 61514?
2, 30757
What are the prime factors of 33862?
2, 16931
List the prime factors of 53512.
2, 6689
What are the prime factors of 37116?
2, 3, 1031
List the prime factors of 42226.
2, 43, 491
List the prime factors of 26354.
2, 13177
What are the prime factors of 14194?
2, 47, 151
What are the prime factors of 8282?
2, 41, 101
What are the prime factors of 59474?
2, 131, 227
List the prime factors of 105606.
2, 3, 5867
List the prime factors of 7485.
3, 5, 499
What are the prime factors of 1879?
1879
What are the prime factors of 570?
2, 3, 5, 19
What are the prime factors of 25800?
2, 3, 5, 43
What are the prime factors of 8150?
2, 5, 163
List the prime factors of 2326.
2, 1163
List the prime factors of 40716.
2, 3, 13, 29
List the prime factors of 1301.
1301
List the prime factors of 99218.
2, 7, 19, 373
What are the prime factors of 26700?
2, 3, 5, 89
List the prime factors of 24524.
2, 6131
List the prime factors of 4559.
47, 97
List the prime factors of 95650.
2, 5, 1913
What are the prime factors of 45?
3, 5
What are the prime factors of 1617?
3, 7, 11
What are the prime factors of 2011